+ -17. What is the units digit of b/(-15)*15 - 2?
8
Let d(m) be the third derivative of -m**5/60 + 7*m**4/12 - 5*m**3/6 - 11*m**2. What is the tens digit of d(8)?
4
Suppose 17*y + 462 = 4*a + 15*y, 5*y - 5 = 0. What is the hundreds digit of a?
1
Suppose -s = 2*n - 3*n - 2, -3*n + 5*s - 16 = 0. Suppose -5*z = -5*l, -n*z + 4*l = -8*z + 27. What is the units digit of z?
3
Let z = 46 - 49. Let s(g) = 12*g**2 + 8*g + 3. What is the tens digit of s(z)?
8
Let u be 321/2*((-4)/3)/1. Let y = u + 350. What is the tens digit of y?
3
Suppose -3*a + 6 = -3. Let l be (0/(-1))/(-5)*(-2)/(-2). Suppose -a*m + 2 + 4 = l. What is the units digit of m?
2
Suppose -4*m = 3*u - 8480, 0 = 4*m + 4*u - 4946 - 3530. What is the hundreds digit of m?
1
Suppose -4*d + 6202 = 5*r, 2*r - 935 = -3*d + 1550. What is the thousands digit of r?
1
Let h be 18/6 + (2 - -1). Suppose -h*w - 3*j - 2 = -w, j + 4 = 0. Suppose 3*t - 3*p - 15 = w*t, t + 3*p - 9 = 0. What is the units digit of t?
2
Let q = -8 - -14. Let u = -33 + q. Let n = -13 - u. What is the units digit of n?
4
Suppose o + 5*u + 18 = 0, 2*o - 4*u = -0*o + 20. Suppose 0 = o*g - 4*g - 3*y - 7, 0 = -4*g - y + 1. What is the units digit of g/(-3) + 43/3?
4
Let v(j) = -5*j**2 + 4*j + j**3 - j + 6 + 0 - 8. Let s be v(4). What is the tens digit of 63/s*(-2 - 0)?
2
Suppose -b - 4 = 0, -3*x - 57 = -0*x + 3*b. What is the hundreds digit of 152 + 7/(35/x)?
1
Suppose -2*z - 19 = -3*a, 2*z = -2*a + 21 + 5. Let c(y) = -22*y + 60. Let l(j) = 7*j - 20. Let v(x) = -3*c(x) - 8*l(x). What is the units digit of v(a)?
0
Let r(w) = w + 7. Let g be r(-10). Let c be 1*g/6*0. Suppose c*z - 3*p + 44 = 4*z, -5*z + 56 = 4*p. What is the units digit of z?
8
What is the tens digit of ((-12)/(216/(-66)))/((-2)/(-6))?
1
Suppose 0 = 3*s + v - 33 - 1556, 4*s = 4*v + 2108. What is the tens digit of s?
2
Let l = -385 + 594. What is the units digit of l?
9
Let z(w) = -2*w**3 - 6*w**2 + 10*w. Let c be z(-7). Suppose 7*y = c - 49. What is the tens digit of y?
3
Let z be (3 - (-52)/(-20))*-35. Let w(v) = -v**2 - 16*v - 31. Let d(m) = -2*m**2 - 33*m - 61. Let k(o) = 3*d(o) - 5*w(o). What is the units digit of k(z)?
2
Let f = 651 + -371. Let h = f + -181. What is the tens digit of h?
9
Let s(w) = -2*w**2 + w - 2. Let c be s(2). Suppose 5*z + 2*a + 190 = 0, 6*z - 4*z + 67 = a. Let f = c - z. What is the units digit of f?
8
Suppose -j + 6*j - 4*z = 22603, 5*j - 3*z = 22606. What is the units digit of j?
3
Let g = 2841 - 1920. What is the tens digit of g?
2
Suppose 2*c + 0 - 18 = 0. Let b be ((-28)/(-6))/(c/(-27)). Let s = 32 + b. What is the units digit of s?
8
Suppose 20 = 5*y, -3*g - 2*y - 12 + 41 = 0. Let w = -2 + g. Suppose -w*c = -85 + 15. What is the tens digit of c?
1
Suppose -2*v - 3 = 1. Let h be (v/2)/(1/(-2)). Let c = 1 + h. What is the units digit of c?
3
Let f(r) = r**3 - 9*r**2 + 9*r - 2. Let m be f(8). Let d be (m/12)/(2/188). What is the tens digit of 2 + d + (0 - 2)?
4
Suppose -5*l - 144 = -2*z, -4*l + 2*z - 110 = 3*z. What is the units digit of l/238 - (-2248)/34?
6
Let g(p) = 2*p - 5. Let m be g(6). Let b be (-4)/(-8)*-4*(-11 - -10). Suppose -b*v - 170 = -m*v. What is the tens digit of v?
3
Let p(r) = r**2 + 15*r + 28. Let c be p(-13). What is the units digit of ((-9)/5 + -1)/(c/(-10))?
4
Let d = 1948 + 296. What is the tens digit of d?
4
Let p = -1627 + 6269. What is the thousands digit of p?
4
Let t(k) = k**2 - 18*k - 6. Let n be t(15). Let l = 107 + n. What is the units digit of l?
6
Suppose 4*k - m - 2*m = 1609, 2*k - 2*m - 806 = 0. What is the units digit of k?
0
Let b(q) = -15*q**3 + 29*q**2 - 6*q + 13. What is the thousands digit of b(-6)?
4
Let w(z) = -z**2 + 132*z + 132. What is the tens digit of w(73)?
3
Let v = 348 + 2334. What is the hundreds digit of v?
6
Let i(n) = 17*n**2 + 12*n - 26. Let j(k) = 6*k**2 + 4*k - 9. Let u(c) = -2*i(c) + 7*j(c). What is the units digit of u(4)?
3
Let r = 142 + -61. What is the tens digit of r?
8
What is the hundreds digit of (-440)/((-50)/(-5))*-135?
9
Let a(k) be the second derivative of k**5/20 + 5*k**4/12 + k**3/6 - k**2/2 - 12*k. Let p be a(-5). What is the units digit of (9/12)/(p/(-336))?
2
Let q = -8643 + 13128. What is the thousands digit of q?
4
Let y = 53 - 106. Let s = -672 - -656. Let t = s - y. What is the units digit of t?
7
Suppose 3*h = 2 - 14. Let g be 65/3 - h/(-6). Let o = g - 10. What is the units digit of o?
1
Suppose 4*q = 4*a + 4, 5*q = q - a + 9. Let u be (2 + -1)*q/1. Suppose u*m - 6 = -2. What is the units digit of m?
2
Let h(f) = 4*f**2 + 30*f + 137. What is the hundreds digit of h(-36)?
2
Suppose -2*k + 10 = 3*q - 33, k - 20 = -3*q. Let z = k - 15. What is the units digit of z?
8
Suppose -2*p + 66 = 5*k - 4, 4*p - 20 = 0. Suppose 2*q - 9 = 3*a + k, a - 3 = 0. Let y = 51 - q. What is the tens digit of y?
3
Suppose 1163 = 2*c - 3*n, -5 = 2*n - n. What is the tens digit of c?
7
Let m(o) = 2*o**3 - 13*o**2 - 6*o + 16. What is the tens digit of m(9)?
6
Let l(i) = -2*i + 20. Let x be l(7). Suppose x*m - 9*m + 282 = 0. What is the units digit of m?
4
Suppose -2*p - v + 4 = 0, 2*p = -0*p - 2*v + 4. Suppose -24 = f - 2*c + 3*c, -4*c = -8. Let r = p - f. What is the tens digit of r?
2
Suppose 722 = 4*h - m + 211, -5 = -5*m. What is the tens digit of h?
2
Suppose 2*a = 157*f - 161*f + 17926, -4*f + 4*a + 17920 = 0. What is the units digit of f?
1
Let d be ((-6)/4)/((-6)/8). Suppose 0 = -5*r + 5*q + 25, 0*r + d*r - 14 = 3*q. What is the units digit of r/(-3) - (-201)/9?
2
Let w be (-5)/2*28/(-35). What is the units digit of 48/(-36)*(-30)/w?
0
Let g = -124 + 503. What is the units digit of g?
9
Let x(l) = 12*l**2 + 5*l + 5. Let k(m) = -m**3 - 13*m**2 - 13*m - 15. Let u be k(-12). What is the units digit of x(u)?
8
Let u = -232 + 155. Let z = -46 - u. What is the tens digit of z?
3
Suppose 0 = 15*f - 14*f. What is the units digit of 2655/65 + f + (-2)/(-13)?
1
Let l = 270 - -166. What is the tens digit of l?
3
Suppose -k + f = -6*k + 18, -k - 3*f = 2. Let a be k/((2/4)/1). Suppose -2 = -u + a. What is the units digit of u?
0
Suppose -5*u + 4*t = -293, 0*u + 5*t = 3*u - 181. What is the units digit of u?
7
Let r(h) = 27*h + 306. What is the tens digit of r(20)?
4
Let f(k) = -k**3 - 6*k**2 + k + 2. Suppose j + 2*m - 10 = 0, 21 = 3*j - 2*m - m. Suppose 0 = 3*n + 13 + j. What is the units digit of f(n)?
4
Suppose -f = 3*z - 0*z - 13, -f - 4*z = -16. Suppose f*h = h + m + 15, -4*m = 0. Suppose 0 = h*t - 0*t - 10, -4*d + 78 = -5*t. What is the tens digit of d?
2
What is the units digit of (7 + -4)*11/(-3)*-8?
8
Suppose -5*f - 611 = -3*x, -5*f - 2*x - 511 = 115. Let g = f + 428. What is the units digit of g?
4
Let x(u) = -3*u**3 - u - 7. Let t be x(-5). Suppose -4*a - f = -t, a - 3*f + 367 = 5*a. What is the units digit of a?
4
Let u(k) = -k**3 + 7*k**2 + 2*k - 10. Suppose -5*i + 0*i = 5, 0 = 3*w - 5*i - 26. Let y be u(w). Suppose y*c - 70 = -14. What is the tens digit of c?
1
Suppose 4*j = 16 - 4. Suppose 9 = -j*c - 96. What is the units digit of (-7)/(-14) - c/2?
8
Suppose 1 = y - 24. Let v = 24 - y. Let h(n) = 44*n**2 + n + 1. What is the tens digit of h(v)?
4
Let c = 116 - 425. Let d = 519 + c. What is the units digit of d?
0
Suppose -18*b + 16151 - 2129 = 0. What is the units digit of b?
9
Suppose 0 = 2*t - 5*p - 182, -3*p - 5 = 7. Suppose 2*f - t = 3. What is the tens digit of f?
4
What is the hundreds digit of 1/(((-4)/(-1572))/((-1)/(-3)))?
1
Let f(v) = 12*v**3 + 2*v**2 + 2*v - 7. What is the tens digit of f(2)?
0
Let p(g) = -g**3 - g**2 - 2. Let r be p(-2). Let n(y) = 4*y**r - 2*y**2 - 5 + 2*y + 5 - 3. What is the units digit of n(-3)?
9
Let t(d) = 2*d + 19. Let u be t(-8). Let s be (2/6)/(u/558). Let f = -28 + s. What is the units digit of f?
4
Let l = 2608 - 1853. What is the hundreds digit of l?
7
Let t be (-1)/4 - (-1230)/24. Let h = 11 + t. Let l = 105 - h. What is the units digit of l?
3
Let b(w) = -6*w**2 + 11*w + 16. Let j(g) = -g**2. Let l(i) = b(i) - 5*j(i). What is the units digit of l(12)?
4
Suppose -13*s + 7026 + 18051 = 0. What is the tens digit of s?
2
Suppose 2452 = 11*j - 3488. What is the units digit of j?
0
Let v be (-12)/30 + 1 + (-152)/(-5). Suppose -3*h + 206 + v = 0. What is the units digit of h?
9
Suppose -3*s + 2*h = -17, 23 = s - 2*h - 3*h. Suppose -3*j